{"id":144,"date":"2019-09-17T15:12:44","date_gmt":"2019-09-17T13:12:44","guid":{"rendered":"http:\/\/mobimetrie.fr\/?page_id=3"},"modified":"2022-10-06T18:21:53","modified_gmt":"2022-10-06T16:21:53","slug":"politique-de-confidentialite-2","status":"publish","type":"page","link":"https:\/\/wimobi.fr\/index.php\/politique-de-confidentialite-2\/","title":{"rendered":"Politique de confidentialit\u00e9"},"content":{"rendered":"\n<h2 class=\"wp-block-heading\">Pr\u00e9ambule<\/h2>\n\n\n\n<p>Affim\u00e9trie est particuli\u00e8rement attach\u00e9 au respect de la vie priv\u00e9e et \u00e0 la protection des donn\u00e9es \u00e0 caract\u00e8re personnel. C\u2019est pourquoi ces valeurs constituent un des engagements soci\u00e9taux d\u2019Affim\u00e9trie dans le cadre de sa Politique de D\u00e9veloppement Durable.<br><br>Affim\u00e9trie, s\u2019engage \u00e0 mettre en \u0153uvre des mesures ad\u00e9quates pour assurer la protection, la confidentialit\u00e9 et la s\u00e9curit\u00e9 des donn\u00e9es \u00e0 caract\u00e8re personnel de toute personne aupr\u00e8s de laquelle des donn\u00e9es sont collect\u00e9es, en conformit\u00e9 avec les exigences l\u00e9gales, notamment le R\u00e8glement europ\u00e9en 2016\/679 sur la protection des donn\u00e9es \u00e0 caract\u00e8re personnel (\u00ab RGPD \u00bb) et les lois nationales applicables dans l\u2019Union europ\u00e9enne.<br>&nbsp;<br>La pr\u00e9sente politique de protection des donn\u00e9es (ci-apr\u00e8s la \u00ab Politique de Protection des Donn\u00e9es \u00bb) a pour objectif de vous informer sur les engagements pris par Affim\u00e9trie afin de veiller au respect de vos donn\u00e9es \u00e0 caract\u00e8re personnel.<\/p>\n\n\n\n<h2 class=\"wp-block-heading\"><strong>D\u00e9finitions<\/strong><\/h2>\n\n\n\n<p>\u00ab Donn\u00e9es \u00e0 caract\u00e8re personnel \u00bb : toute donn\u00e9e permettant d\u2019identifier directement ou indirectement une personne physique.<br><br>\u00ab Traitement de donn\u00e9es \u00bb : op\u00e9rations r\u00e9alis\u00e9es sur des donn\u00e9es \u00e0 caract\u00e8re personnel,&nbsp; notamment la collecte, l\u2019enregistrement, l\u2019utilisation, la transmission ou la communication.<br><br>\u00ab Responsable de traitement \u00bb : entit\u00e9 juridique en charge de d\u00e9terminer les finalit\u00e9s du traitement et les moyens mis en \u0153uvre.<br><br>\u00ab Sous-traitant \u00bb : entit\u00e9 juridique qui traite des donn\u00e9es \u00e0 caract\u00e8re personnel pour le compte du responsable de traitement.<\/p>\n\n\n\n<h2 class=\"wp-block-heading\"><strong>Donn\u00e9es collect\u00e9es<\/strong><\/h2>\n\n\n\n<p>Affim\u00e9trie veille \u00e0 collecter et \u00e0 traiter des donn\u00e9es \u00e0 caract\u00e8re personnel pertinentes, ad\u00e9quates, non excessives et strictement n\u00e9cessaires \u00e0 l\u2019atteinte des finalit\u00e9s de&nbsp;<a href=\"https:\/\/web.archive.org\/web\/20210308031946\/http:\/\/www.wimobi.fr\/\">www.wimobi.fr<\/a>.<\/p>\n\n\n\n<p>Affim\u00e9trie prend toutes les dispositions utiles pour que vos donn\u00e9es soient exactes, compl\u00e8tes et, si n\u00e9cessaire, mises \u00e0 jour.<br>&nbsp;&nbsp; &nbsp;<br>Affim\u00e9trie s\u2019engage \u00e0 recueillir le consentement des personnes concern\u00e9es d\u00e8s lors que celui-ci est requis et \u00e0 les informer du traitement de leurs donn\u00e9es.<br><br>Les donn\u00e9es \u00e0 caract\u00e8re personnel que nous collectons et traitons dans www.Wimobi.fr sont exclusivement celles que vous nous communiquer lorsque vous renseignez les formulaires \u00abcontactez- nous&nbsp;\u00bb, \u00ab&nbsp;contactez Wimobi&nbsp;\u00bb et \u00ab&nbsp;devenez contributeur&nbsp;\u00bb<br>Dans ce cadre, Affim\u00e9trie peut notamment \u00eatre amen\u00e9e \u00e0 collecter et traiter les donn\u00e9es \u00e0 caract\u00e8re personnel suivantes :<\/p>\n\n\n\n<ul class=\"wp-block-list\"><li>Pr\u00e9nom, nom, civilit\u00e9, email, num\u00e9ro de t\u00e9l\u00e9phone.<\/li><\/ul>\n\n\n\n<p>Le caract\u00e8re facultatif ou obligatoire des informations que vous devez renseigner est signal\u00e9 au moment de la collecte des donn\u00e9es sur les formulaires correspondants. Tout d\u00e9faut de r\u00e9ponse ou toute r\u00e9ponse jug\u00e9e anormale par Affim\u00e9trie est susceptible d\u2019entrainer le refus d\u2019Affim\u00e9trie de prendre en compte votre demande.<br><br>Vous vous engagez \u00e0 ce que les donn\u00e9es \u00e0 caract\u00e8re personnel vous concernant communiqu\u00e9es \u00e0 Affim\u00e9trie soient \u00e0 jour, exactes, compl\u00e8tes et non \u00e9quivoques.<\/p>\n\n\n\n<h2 class=\"wp-block-heading\">Finalit\u00e9s de la collecte<\/h2>\n\n\n\n<p>Affim\u00e9trie s\u2019engage \u00e0 collecter et traiter vos Donn\u00e9es \u00e0 caract\u00e8re personnel de fa\u00e7on loyale et licite.<br><br>Les traitements mis en \u0153uvre par Affim\u00e9trie r\u00e9pondent \u00e0 des finalit\u00e9s explicites, l\u00e9gitimes et d\u00e9termin\u00e9es.<br><br>Vos donn\u00e9es peuvent notamment \u00eatre trait\u00e9es pour les finalit\u00e9s suivantes :<\/p>\n\n\n\n<ul class=\"wp-block-list\"><li>Pour r\u00e9pondre \u00e0 vos questions et r\u00e9clamations ;<\/li><\/ul>\n\n\n\n<p>Dans ce cadre, la base l\u00e9gale des traitements est soit l\u2019ex\u00e9cution du contrat si la demande est li\u00e9e \u00e0 la relation contractuelle entre Affim\u00e9trie et vous, soit l\u2019int\u00e9r\u00eat l\u00e9gitime de Affim\u00e9trie, plus sp\u00e9cifiquement son int\u00e9r\u00eat \u00e9conomique \u00e0 communiquer clairement avec vous et \u00e0 comprendre vos besoins et \u00e0 vos attentes.<\/p>\n\n\n\n<ul class=\"wp-block-list\"><li>Pour vous permettre l\u2019int\u00e9gration d\u2019articles que vous souhaitez publier dans www.wimobi.fr;<\/li><\/ul>\n\n\n\n<p>Le site \u00e9tant une plateforme participative a pour objectif de publier des articles propos\u00e9s par des contributeurs. Ces contributeurs peuvent contacter le Site via le formulaire \u00ab&nbsp;devenez contributeur&nbsp;\u00bb<\/p>\n\n\n\n<p><strong>Destinataires des donn\u00e9es collect\u00e9es<\/strong><br>Conform\u00e9ment \u00e0 la loi Informatique et Libert\u00e9s, Affim\u00e9trie s\u2019engage \u00e0 vous informer sur le traitement de vos donn\u00e9es personnelles. &nbsp;<br><br>Ainsi, Affim\u00e9trie vous informe, de mani\u00e8re claire, lors de chaque collecte de vos donn\u00e9es notamment :<\/p>\n\n\n\n<ul class=\"wp-block-list\"><li>de l\u2019identit\u00e9 du responsable de traitement (il s\u2019agit de l\u2019entit\u00e9 juridique d\u2019Affim\u00e9trie responsable du traitement de vos donn\u00e9es) ;<\/li><li>de la finalit\u00e9 pour laquelle vos donn\u00e9es sont collect\u00e9es ;<\/li><li>du caract\u00e8re facultatif ou obligatoire des r\u00e9ponses ;<\/li><li>des destinataires des donn\u00e9es&nbsp;;<\/li><li>de l\u2019existence et des modalit\u00e9s d\u2019exercice des droits d\u2019interrogation, d\u2019acc\u00e8s, de rectification et d\u2019opposition relativement \u00e0 l\u2019ensemble des donn\u00e9es vous concernant.<\/li><\/ul>\n\n\n\n<h2 class=\"wp-block-heading\">Destinataires des donn\u00e9es collect\u00e9es<\/h2>\n\n\n\n<p>Affim\u00e9trie ne communique vos donn\u00e9es \u00e0 caract\u00e8re personnel qu\u2019\u00e0 des destinataires habilit\u00e9s et d\u00e9termin\u00e9s, conform\u00e9ment aux dispositions de la r\u00e9glementation applicable.<br><br>Affim\u00e9trie peut notamment donner acc\u00e8s \u00e0 vos donn\u00e9es \u00e0 caract\u00e8re personnel aux soci\u00e9t\u00e9s de son groupe, aux collectivit\u00e9s locales, \u00e0 ses partenaires ainsi qu\u2019\u00e0 ses \u00e9ventuels prestataires de services tiers, agissant en tant que sous-traitants, pour ex\u00e9cuter des prestations relatives aux services et aux applications informatiques de Affim\u00e9trie (notamment des services d\u2019h\u00e9bergement, de stockage, d\u2019analyses, de traitement de donn\u00e9es, de gestion de bases de donn\u00e9es ou encore de maintenance informatique). Ces prestataires tiers, qui n\u2019agissent que sur instruction d\u2019Affim\u00e9trie, n\u2019auront acc\u00e8s \u00e0 vos donn\u00e9es \u00e0 caract\u00e8re personnel que pour ex\u00e9cuter les finalit\u00e9s poursuivies au moment de la collecte desdites donn\u00e9es et seront tenus aux m\u00eames obligations de s\u00e9curit\u00e9 et de confidentialit\u00e9 qu\u2019Affim\u00e9trie.<br><br>Affim\u00e9trie s\u2019engage \u00e0 recueillir votre consentement pr\u00e9alable, notamment par voie d\u2019opt-in (case \u00e0 cocher), avant de transmettre vos donn\u00e9es \u00e0 des partenaires \u00e0 des fins de prospection commerciale.<br><br>Par ailleurs, vos donn\u00e9es \u00e0 caract\u00e8re personnel peuvent \u00eatre partag\u00e9es pour les motifs suivants:<\/p>\n\n\n\n<ul class=\"wp-block-list\"><li>Dans le cadre d\u2019une fusion ou acquisition de tout ou partie d\u2019Affim\u00e9trie par un tiers, ce que vous acceptez ;<\/li><li>En r\u00e9ponse \u00e0 une proc\u00e9dure judiciaire ou administrative de toute nature ou \u00e0 des mesures d\u2019application de la loi r\u00e9clam\u00e9es par les autorit\u00e9s comp\u00e9tentes ;<\/li><li>Pour se conformer \u00e0 des obligations l\u00e9gales, pour prot\u00e9ger les droits et\/ou la s\u00fbret\u00e9 d\u2019un individu, pour prot\u00e9ger les droits et la propri\u00e9t\u00e9 d\u2019Affim\u00e9trie, y compris la n\u00e9cessit\u00e9 de voir la pr\u00e9sente Politique de Protection des Donn\u00e9es respect\u00e9e et d\u2019emp\u00eacher les probl\u00e8mes de fraude, de s\u00e9curit\u00e9 ou techniques.<\/li><\/ul>\n\n\n\n<h2 class=\"wp-block-heading\" id=\"conservation-donnees\">C<strong>onservation des donn\u00e9es<\/strong><\/h2>\n\n\n\n<p>Affim\u00e9trie conserve vos donn\u00e9es \u00e0 caract\u00e8re personnel aussi longtemps que n\u00e9cessaire pour la r\u00e9alisation des finalit\u00e9s pour lesquelles elles ont \u00e9t\u00e9 collect\u00e9es et trait\u00e9es. Affim\u00e9trie peut cependant conserver vos donn\u00e9es \u00e0 caract\u00e8re personnel pour une dur\u00e9e plus longue pour se conformer aux obligations l\u00e9gales et notamment aux d\u00e9lais de prescription applicables.<br><\/p>\n\n\n\n<h2 class=\"wp-block-heading\" id=\"cookies\">Cookies<\/h2>\n\n\n\n<p>Vous \u00eates inform\u00e9(e) que, lors de vos visites sur nos sites internet, des cookies (t\u00e9moins de connexion) peuvent \u00eatre install\u00e9s sur votre logiciel de navigation pour vous permettre, notamment, une navigation optimale. Les cookies sont des donn\u00e9es stock\u00e9es dans l\u2019\u00e9quipement terminal de l\u2019internaute. Ils sont utilis\u00e9s par nos sites pour envoyer des informations au navigateur de l\u2019internaute, et permettent \u00e0 ce navigateur de renvoyer des informations au site d\u2019origine (par exemple un identifiant de session, le choix d\u2019une langue ou une date). D\u2019autres types de traceurs, tels que les balises pixel, peuvent \u00e9galement \u00eatre utilis\u00e9s. Ces balises \u00e9mettent des appels vers des serveurs, afin d\u2019afficher un pixel, et nous permettent de partager des donn\u00e9es avec des tierces parties pour les finalit\u00e9s d\u00e9crites dans notre&nbsp;<a href=\"https:\/\/web.archive.org\/web\/20210308031946\/https:\/\/www.jcdecaux.fr\/politique-dexploitation-des-cookies-et-autres-traceurs\">Politique de gestion des cookies<\/a>.<br><\/p>\n\n\n\n<h2 class=\"wp-block-heading\"><strong>S\u00e9curit\u00e9<\/strong><strong><\/strong><\/h2>\n\n\n\n<p>Affim\u00e9trie assure la s\u00e9curit\u00e9 de vos donn\u00e9es \u00e0 caract\u00e8re personnel en mettant en place une protection des donn\u00e9es par l\u2019utilisation de moyens de s\u00e9curisation physiques et logiques.<\/p>\n\n\n\n<h2 class=\"wp-block-heading\"><strong>Droits des personnes concern\u00e9es<\/strong><\/h2>\n\n\n\n<p>Conform\u00e9ment \u00e0 la l\u00e9gislation applicable en mati\u00e8re de protection des donn\u00e9es \u00e0 caract\u00e8re personnel, vous disposez d\u2019un certain nombre de droits concernant la collecte et le traitement de vos donn\u00e9es \u00e0 caract\u00e8re personnel, \u00e0 savoir :<\/p>\n\n\n\n<p>Le droit d\u2019\u00eatre inform\u00e9 : Vous avez le droit d\u2019\u00eatre inform\u00e9 d\u2019une fa\u00e7on concise, transparente, compr\u00e9hensible et ais\u00e9ment accessible de la mani\u00e8re dont vos donn\u00e9es \u00e0 caract\u00e8re personnel sont trait\u00e9es.<\/p>\n\n\n\n<p>Le droit d\u2019acc\u00e8s : Vous avez le droit d\u2019obtenir (i) la confirmation que des donn\u00e9es \u00e0 caract\u00e8re personnel vous concernant sont ou ne sont pas trait\u00e9es et, lorsqu\u2019elles le sont, d\u2019obtenir (ii) l\u2019acc\u00e8s auxdites donn\u00e9es et une copie de ces derni\u00e8res.<\/p>\n\n\n\n<p>Le droit de rectification : Vous avez le droit d\u2019obtenir la rectification des donn\u00e9es \u00e0 caract\u00e8re personnel vous concernant qui sont inexactes. Vous avez \u00e9galement le droit d\u2019obtenir que les donn\u00e9es \u00e0 caract\u00e8re personnel incompl\u00e8tes soient compl\u00e9t\u00e9es, y compris en fournissant une d\u00e9claration compl\u00e9mentaire.<\/p>\n\n\n\n<p>Le droit \u00e0 l\u2019effacement : Dans certains cas, vous avez le droit d\u2019obtenir l\u2019effacement de vos donn\u00e9es \u00e0 caract\u00e8re personnel. Ce droit n\u2019est cependant pas un droit absolu et Affim\u00e9trie peut avoir des raisons l\u00e9gales ou l\u00e9gitimes de conserver lesdites donn\u00e9es.<\/p>\n\n\n\n<p>Le droit \u00e0 la limitation du traitement : Dans certains cas, vous avez le droit d\u2019obtenir la limitation du traitement de vos donn\u00e9es \u00e0 caract\u00e8re personnel.<\/p>\n\n\n\n<p>Le droit \u00e0 la portabilit\u00e9 : Vous avez le droit de recevoir les donn\u00e9es \u00e0 caract\u00e8re personnel vous concernant que vous avez fournies \u00e0 Affim\u00e9trie, dans un format structur\u00e9, couramment utilis\u00e9 et lisible par machine, et vous avez le droit de transmettre ces donn\u00e9es \u00e0 un autre responsable de traitement sans que Affim\u00e9trie y fasse obstacle. Ce droit ne s\u2019applique que lorsque le traitement de vos donn\u00e9es \u00e0 caract\u00e8re personnel est fond\u00e9 sur votre consentement ou sur l\u2019ex\u00e9cution d\u2019un contrat et que ledit traitement est effectu\u00e9 \u00e0 l\u2019aide de proc\u00e9d\u00e9s automatis\u00e9s.<\/p>\n\n\n\n<p>Le droit d\u2019opposition : Vous avez le droit de vous opposer \u00e0 tout moment, pour des raisons tenant \u00e0 votre situation particuli\u00e8re, \u00e0 un traitement de donn\u00e9es \u00e0 caract\u00e8re personnel vous concernant lorsque ledit traitement est bas\u00e9 sur l\u2019int\u00e9r\u00eat l\u00e9gitime d\u2019Affim\u00e9trie. Affim\u00e9trie peut cependant invoquer des motifs l\u00e9gitimes et imp\u00e9rieux n\u00e9cessitant la poursuite du traitement. Lorsque vos donn\u00e9es \u00e0 caract\u00e8re personnel sont trait\u00e9es \u00e0 des fins de prospection, vous avez le droit de vous opposer \u00e0 tout moment au traitement de ces donn\u00e9es. Vous pouvez notamment b\u00e9n\u00e9ficier de ce droit en cliquant sur le lien \u00ab se d\u00e9sinscrire \u00bb disponible en bas des messages re\u00e7us.<\/p>\n\n\n\n<p>Le droit d\u2019introduire une r\u00e9clamation aupr\u00e8s d\u2019une autorit\u00e9 de contr\u00f4le : Vous avez le droit de contacter une Autorit\u00e9 de contr\u00f4le (telle que la CNIL en France) afin d\u2019introduire une r\u00e9clamation concernant les pratiques relatives \u00e0 la protection des donn\u00e9es \u00e0 caract\u00e8re personnel de Affim\u00e9trie.<\/p>\n\n\n\n<p>Le droit de transmettre des instructions concernant l\u2019utilisation des donn\u00e9es apr\u00e8s le d\u00e9c\u00e8s (ce droit est applicable en France) : vous avez le droit de donner \u00e0 Affim\u00e9trie des directives concernant l\u2019utilisation de vos donn\u00e9es \u00e0 caract\u00e8re personnel apr\u00e8s votre d\u00e9c\u00e8s.<\/p>\n\n\n\n<p>Pour exercer ces droits, vous pouvez adresser une demande \u00e0 l\u2019adresse suivante : Affim\u00e9trie, 21 rue des pyramides 75001 Paris, ou\u00a0<a href=\"https:\/\/web.archive.org\/web\/20210308031946\/mailto:donneespersonnelles@wimobi.fr\">donneespersonnelles@wimobi.fr<\/a>, en joignant une copie d\u2019un titre d\u2019identit\u00e9 \u00e0 votre demande.<br><\/p>\n\n\n\n<h2 class=\"wp-block-heading\">Modification de la politique<\/h2>\n\n\n\n<p>Affim\u00e9trie pourra mettre \u00e0 jour cette Politique de Protection des Donn\u00e9es \u00e0 tout moment pour l\u2019adapter \u00e0 d\u2019\u00e9ventuelles nouvelles pratiques et offres de service. Dans ce cas, la date de mise \u00e0 jour de la Politique de Protection des Donn\u00e9es sera actualis\u00e9e et indiquera le jour o\u00f9 les modifications ont \u00e9t\u00e9 effectu\u00e9es. Il vous appartient de v\u00e9rifier les \u00e9ventuelles mises \u00e0 jour de cette Politique de Protection des Donn\u00e9es publi\u00e9e sur&nbsp;<a href=\"https:\/\/web.archive.org\/web\/20210308031946\/http:\/\/www.wimobi.fr\/\">www.Wimobi.fr<\/a>.<\/p>\n\n\n\n<p><strong>Liens vers des sites tiers<\/strong><strong><\/strong><\/p>\n\n\n\n<p>Pendant la navigation sur nos sites web, vous \u00eates susceptible de voir des contenus qui comportent des liens vers des applications et sites web de tiers. Affim\u00e9trie ne peut pas contr\u00f4ler les cookies ou les autres fonctions utilis\u00e9es par les applications et sites web des tiers, et les traitements de donn\u00e9es \u00e0 caract\u00e8re personnelles mis en place par ces applications et sites ne sont pas r\u00e9gis par la pr\u00e9sente Politique de Protection des Donn\u00e9es.<br><br>Par cons\u00e9quent, il vous appartient de contacter et\/ou de consulter directement les applications et sites web de ces tiers pour obtenir des informations suppl\u00e9mentaires concernant leurs proc\u00e9dures de protection des donn\u00e9es \u00e0 caract\u00e8re personnel.<br>Contact<\/p>\n\n\n\n<p>Pour toute demande d\u2019information relative \u00e0 cette Politique de protection des donn\u00e9es \u00e0 caract\u00e8re personnel et de la vie priv\u00e9e, vous pouvez vous adresser \u00e0&nbsp;<a href=\"https:\/\/web.archive.org\/web\/20210308031946\/mailto:donneespersonnelles@wimobi.fr\">donneespersonnelles@wimobi.fr<\/a><\/p>\n\n\n\n<p>Affim\u00e9trie a \u00e9galement nomm\u00e9 un D\u00e9l\u00e9gu\u00e9 \u00e0 la Protection des Donn\u00e9es joignable \u00e0 : Affim\u00e9trie, 44 rue Cambronne, 75015 Paris<\/p>\n\n\n\n<p><strong>Mise \u00e0 jour<\/strong><\/p>\n\n\n\n<p>Cette Politique peut \u00eatre mise \u00e0 jour \u00e0 tout moment, aussi nous vous conseillons de la consulter r\u00e9guli\u00e8rement. Derni\u00e8re mise \u00e0 jour : 6 octobre 2022<\/p>\n","protected":false},"excerpt":{"rendered":"<p>Pr\u00e9ambule Affim\u00e9trie est particuli\u00e8rement attach\u00e9 au respect de la vie priv\u00e9e et \u00e0 la protection &hellip; <\/p>\n","protected":false},"author":1,"featured_media":0,"parent":0,"menu_order":0,"comment_status":"closed","ping_status":"open","template":"","meta":{"footnotes":""},"class_list":["post-144","page","type-page","status-publish","hentry","latest_post"],"_links":{"self":[{"href":"https:\/\/wimobi.fr\/index.php\/wp-json\/wp\/v2\/pages\/144","targetHints":{"allow":["GET"]}}],"collection":[{"href":"https:\/\/wimobi.fr\/index.php\/wp-json\/wp\/v2\/pages"}],"about":[{"href":"https:\/\/wimobi.fr\/index.php\/wp-json\/wp\/v2\/types\/page"}],"author":[{"embeddable":true,"href":"https:\/\/wimobi.fr\/index.php\/wp-json\/wp\/v2\/users\/1"}],"replies":[{"embeddable":true,"href":"https:\/\/wimobi.fr\/index.php\/wp-json\/wp\/v2\/comments?post=144"}],"version-history":[{"count":2,"href":"https:\/\/wimobi.fr\/index.php\/wp-json\/wp\/v2\/pages\/144\/revisions"}],"predecessor-version":[{"id":319,"href":"https:\/\/wimobi.fr\/index.php\/wp-json\/wp\/v2\/pages\/144\/revisions\/319"}],"wp:attachment":[{"href":"https:\/\/wimobi.fr\/index.php\/wp-json\/wp\/v2\/media?parent=144"}],"curies":[{"name":"wp","href":"https:\/\/api.w.org\/{rel}","templated":true}]}}